{"id":1524,"date":"2021-05-01T14:23:41","date_gmt":"2021-05-01T14:23:41","guid":{"rendered":"https:\/\/rachidsahara.com\/?page_id=1524"},"modified":"2026-03-11T11:17:40","modified_gmt":"2026-03-11T11:17:40","slug":"les-co-createurs","status":"publish","type":"page","link":"https:\/\/rachidsahara.com\/?page_id=1524","title":{"rendered":"Les co-cr\u00e9ateurs"},"content":{"rendered":"<div class=\"style-1279 style-local-1524-c1 position-relative\" data-colibri-id=\"1524-c1\">\r\n<div id=\"initial-content\" class=\"h-section h-section-global-spacing d-flex align-items-lg-center align-items-md-center align-items-center style-1280 style-local-1524-c2 position-relative\" data-colibri-component=\"section\" data-colibri-id=\"1524-c2\">\r\n<div class=\"h-section-grid-container h-section-boxed-container\">\r\n<div class=\"h-row-container gutters-row-lg-2 gutters-row-md-2 gutters-row-0 gutters-row-v-lg-2 gutters-row-v-md-2 gutters-row-v-2 style-1281 style-local-1524-c3 position-relative\" data-colibri-id=\"1524-c3\">\r\n<div class=\"h-row justify-content-lg-center justify-content-md-center justify-content-center align-items-lg-stretch align-items-md-stretch align-items-stretch gutters-col-lg-2 gutters-col-md-2 gutters-col-0 gutters-col-v-lg-2 gutters-col-v-md-2 gutters-col-v-2\">\r\n<div class=\"h-column h-column-container d-flex h-col-lg-auto h-col-md-auto h-col-auto style-1282-outer style-local-1524-c4-outer\">\r\n<div class=\"d-flex h-flex-basis h-column__inner h-px-lg-2 h-px-md-2 h-px-2 v-inner-lg-2 v-inner-md-2 v-inner-2 style-1282 style-local-1524-c4 position-relative\" data-colibri-id=\"1524-c4\">\r\n<div class=\"w-100 h-y-container h-column__content h-column__v-align flex-basis-100 align-self-lg-start align-self-md-start align-self-start\">\r\n<div class=\"style-1283 style-local-1524-c5 position-relative h-element\" data-colibri-id=\"1524-c5\">\r\n<blockquote><img loading=\"lazy\" decoding=\"async\" class=\"wp-image-1342 alignleft\" src=\"https:\/\/rachidsahara.com\/wp-content\/uploads\/2021\/02\/cropped-nous-existons-1-300x300.jpg\" alt=\"\" width=\"235\" height=\"235\" srcset=\"https:\/\/rachidsahara.com\/wp-content\/uploads\/2021\/02\/cropped-nous-existons-1-300x300.jpg 300w, https:\/\/rachidsahara.com\/wp-content\/uploads\/2021\/02\/cropped-nous-existons-1-150x150.jpg 150w, https:\/\/rachidsahara.com\/wp-content\/uploads\/2021\/02\/cropped-nous-existons-1-768x768.jpg 768w, https:\/\/rachidsahara.com\/wp-content\/uploads\/2021\/02\/cropped-nous-existons-1.jpg 1024w\" sizes=\"auto, (max-width: 235px) 100vw, 235px\" \/>\r\n\r\n<img loading=\"lazy\" decoding=\"async\" class=\"wp-image-626 alignleft\" src=\"https:\/\/rachidsahara.com\/wp-content\/uploads\/2021\/02\/nous-existons-1-300x300.jpg\" alt=\"\" width=\"235\" height=\"235\" srcset=\"https:\/\/rachidsahara.com\/wp-content\/uploads\/2021\/02\/nous-existons-1-300x300.jpg 300w, https:\/\/rachidsahara.com\/wp-content\/uploads\/2021\/02\/nous-existons-1-1024x1024.jpg 1024w, https:\/\/rachidsahara.com\/wp-content\/uploads\/2021\/02\/nous-existons-1-150x150.jpg 150w, https:\/\/rachidsahara.com\/wp-content\/uploads\/2021\/02\/nous-existons-1-768x768.jpg 768w, https:\/\/rachidsahara.com\/wp-content\/uploads\/2021\/02\/nous-existons-1.jpg 1465w\" sizes=\"auto, (max-width: 235px) 100vw, 235px\" \/><\/blockquote>\r\n<\/div>\r\n<\/div>\r\n<\/div>\r\n<\/div>\r\n<\/div>\r\n<\/div>\r\n<\/div>\r\n<\/div>\r\n&nbsp;\r\n<div id=\"initial-content\" class=\"h-section h-section-global-spacing d-flex align-items-lg-center align-items-md-center align-items-center style-1280 style-local-1524-c2 position-relative\" data-colibri-component=\"section\" data-colibri-id=\"1524-c2\">\r\n<div class=\"h-section-grid-container h-section-boxed-container\">\r\n<div class=\"h-row-container gutters-row-lg-2 gutters-row-md-2 gutters-row-0 gutters-row-v-lg-2 gutters-row-v-md-2 gutters-row-v-2 style-1281 style-local-1524-c3 position-relative\" data-colibri-id=\"1524-c3\">\r\n<div class=\"h-row justify-content-lg-center justify-content-md-center justify-content-center align-items-lg-stretch align-items-md-stretch align-items-stretch gutters-col-lg-2 gutters-col-md-2 gutters-col-0 gutters-col-v-lg-2 gutters-col-v-md-2 gutters-col-v-2\">\r\n<div class=\"h-column h-column-container d-flex h-col-lg-auto h-col-md-auto h-col-auto style-1282-outer style-local-1524-c4-outer\">\r\n<div class=\"d-flex h-flex-basis h-column__inner h-px-lg-2 h-px-md-2 h-px-2 v-inner-lg-2 v-inner-md-2 v-inner-2 style-1282 style-local-1524-c4 position-relative\" data-colibri-id=\"1524-c4\">\r\n<div class=\"w-100 h-y-container h-column__content h-column__v-align flex-basis-100 align-self-lg-start align-self-md-start align-self-start\">\r\n<div class=\"style-1283 style-local-1524-c5 position-relative h-element\" data-colibri-id=\"1524-c5\">\r\n\r\n<img loading=\"lazy\" decoding=\"async\" class=\"wp-image-891 alignnone\" src=\"https:\/\/rachidsahara.com\/wp-content\/uploads\/2021\/02\/cropped-cropped-i-believe-in-another-world-scaled-1-1-300x255.jpg\" alt=\"\" width=\"207\" height=\"176\" srcset=\"https:\/\/rachidsahara.com\/wp-content\/uploads\/2021\/02\/cropped-cropped-i-believe-in-another-world-scaled-1-1-300x255.jpg 300w, https:\/\/rachidsahara.com\/wp-content\/uploads\/2021\/02\/cropped-cropped-i-believe-in-another-world-scaled-1-1-1024x870.jpg 1024w, https:\/\/rachidsahara.com\/wp-content\/uploads\/2021\/02\/cropped-cropped-i-believe-in-another-world-scaled-1-1-768x653.jpg 768w, https:\/\/rachidsahara.com\/wp-content\/uploads\/2021\/02\/cropped-cropped-i-believe-in-another-world-scaled-1-1-1536x1305.jpg 1536w, https:\/\/rachidsahara.com\/wp-content\/uploads\/2021\/02\/cropped-cropped-i-believe-in-another-world-scaled-1-1-2048x1741.jpg 2048w\" sizes=\"auto, (max-width: 207px) 100vw, 207px\" \/>\r\n\r\n&nbsp;\r\n\r\n<\/div>\r\n<\/div>\r\n<\/div>\r\n<\/div>\r\n<\/div>\r\n<\/div>\r\n<\/div>\r\n<img loading=\"lazy\" decoding=\"async\" class=\"wp-image-1574 alignright\" src=\"https:\/\/rachidsahara.com\/wp-content\/uploads\/2021\/05\/Jaquette-lEtranger-Master-3000-x-3000-300x300.jpg\" alt=\"\" width=\"228\" height=\"228\" srcset=\"https:\/\/rachidsahara.com\/wp-content\/uploads\/2021\/05\/Jaquette-lEtranger-Master-3000-x-3000-300x300.jpg 300w, https:\/\/rachidsahara.com\/wp-content\/uploads\/2021\/05\/Jaquette-lEtranger-Master-3000-x-3000-1024x1024.jpg 1024w, https:\/\/rachidsahara.com\/wp-content\/uploads\/2021\/05\/Jaquette-lEtranger-Master-3000-x-3000-150x150.jpg 150w, https:\/\/rachidsahara.com\/wp-content\/uploads\/2021\/05\/Jaquette-lEtranger-Master-3000-x-3000-768x768.jpg 768w, https:\/\/rachidsahara.com\/wp-content\/uploads\/2021\/05\/Jaquette-lEtranger-Master-3000-x-3000-1536x1536.jpg 1536w, https:\/\/rachidsahara.com\/wp-content\/uploads\/2021\/05\/Jaquette-lEtranger-Master-3000-x-3000-2048x2048.jpg 2048w, https:\/\/rachidsahara.com\/wp-content\/uploads\/2021\/05\/Jaquette-lEtranger-Master-3000-x-3000-560x560.jpg 560w\" sizes=\"auto, (max-width: 228px) 100vw, 228px\" \/><\/div>\r\n<img loading=\"lazy\" decoding=\"async\" class=\"wp-image-675 alignleft\" src=\"https:\/\/rachidsahara.com\/wp-content\/uploads\/2021\/02\/cropped-tout-recommence-300x300.jpg\" alt=\"\" width=\"235\" height=\"235\" srcset=\"https:\/\/rachidsahara.com\/wp-content\/uploads\/2021\/02\/cropped-tout-recommence-300x300.jpg 300w, https:\/\/rachidsahara.com\/wp-content\/uploads\/2021\/02\/cropped-tout-recommence-150x150.jpg 150w, https:\/\/rachidsahara.com\/wp-content\/uploads\/2021\/02\/cropped-tout-recommence.jpg 720w\" sizes=\"auto, (max-width: 235px) 100vw, 235px\" \/>\r\n\r\n<img loading=\"lazy\" decoding=\"async\" class=\"wp-image-1325 alignnone\" src=\"https:\/\/rachidsahara.com\/wp-content\/uploads\/2021\/02\/cropped-cropped-cropped-el-Asl-300x300.jpg\" alt=\"\" width=\"240\" height=\"240\" srcset=\"https:\/\/rachidsahara.com\/wp-content\/uploads\/2021\/02\/cropped-cropped-cropped-el-Asl-300x300.jpg 300w, https:\/\/rachidsahara.com\/wp-content\/uploads\/2021\/02\/cropped-cropped-cropped-el-Asl-150x150.jpg 150w, https:\/\/rachidsahara.com\/wp-content\/uploads\/2021\/02\/cropped-cropped-cropped-el-Asl.jpg 439w\" sizes=\"auto, (max-width: 240px) 100vw, 240px\" \/>\r\n<p style=\"text-align: center;\"><\/p>\r\n<p style=\"text-align: center;\"><span style=\"font-size: 14px;\">Production r\u00e9alis\u00e9e au YM Studio en Belgique,\u00a0<\/span><span style=\"font-size: 14px;\">avec la collaboration de M. Meddhy ZIOUCHE,\u00a0<\/span><span style=\"font-size: 14px;\">arrangeur et ing\u00e9nieur du son (enregistrement et mixage).\u00a0<\/span><span style=\"font-size: 14px;\">Le mastering a \u00e9t\u00e9 effectu\u00e9 par M. Scott HULL aux\u00a0<\/span><span style=\"font-size: 14px;\">Masterdisk Studios, \u00e0 Peekskill,<\/span><span style=\"font-size: 14px;\">New York.<\/span><\/p>\r\n\r\n<\/div>\r\n<img loading=\"lazy\" decoding=\"async\" class=\"wp-image-2278 aligncenter\" src=\"https:\/\/rachidsahara.com\/wp-content\/uploads\/2022\/11\/Je-trace-ma-route-EP-5-300x300.jpg\" alt=\"\" width=\"235\" height=\"235\" srcset=\"https:\/\/rachidsahara.com\/wp-content\/uploads\/2022\/11\/Je-trace-ma-route-EP-5-300x300.jpg 300w, https:\/\/rachidsahara.com\/wp-content\/uploads\/2022\/11\/Je-trace-ma-route-EP-5-1024x1024.jpg 1024w, https:\/\/rachidsahara.com\/wp-content\/uploads\/2022\/11\/Je-trace-ma-route-EP-5-150x150.jpg 150w, https:\/\/rachidsahara.com\/wp-content\/uploads\/2022\/11\/Je-trace-ma-route-EP-5-768x768.jpg 768w, https:\/\/rachidsahara.com\/wp-content\/uploads\/2022\/11\/Je-trace-ma-route-EP-5-1536x1536.jpg 1536w, https:\/\/rachidsahara.com\/wp-content\/uploads\/2022\/11\/Je-trace-ma-route-EP-5-2048x2048.jpg 2048w, https:\/\/rachidsahara.com\/wp-content\/uploads\/2022\/11\/Je-trace-ma-route-EP-5-560x560.jpg 560w\" sizes=\"auto, (max-width: 235px) 100vw, 235px\" \/>\r\n\r\n&nbsp;\r\n<div class=\"style-1279 style-local-1524-c1 position-relative\" data-colibri-id=\"1524-c1\">\r\n<div id=\"initial-content\" class=\"h-section h-section-global-spacing d-flex align-items-lg-center align-items-md-center align-items-center style-1280 style-local-1524-c2 position-relative\" data-colibri-component=\"section\" data-colibri-id=\"1524-c2\">\r\n<div class=\"h-section-grid-container h-section-boxed-container\">\r\n<div class=\"h-row-container gutters-row-lg-2 gutters-row-md-2 gutters-row-0 gutters-row-v-lg-2 gutters-row-v-md-2 gutters-row-v-2 style-1281 style-local-1524-c3 position-relative\" data-colibri-id=\"1524-c3\">\r\n<div class=\"h-row justify-content-lg-center justify-content-md-center justify-content-center align-items-lg-stretch align-items-md-stretch align-items-stretch gutters-col-lg-2 gutters-col-md-2 gutters-col-0 gutters-col-v-lg-2 gutters-col-v-md-2 gutters-col-v-2\">\r\n<div class=\"h-column h-column-container d-flex h-col-lg-auto h-col-md-auto h-col-auto style-1282-outer style-local-1524-c4-outer\">\r\n<div class=\"d-flex h-flex-basis h-column__inner h-px-lg-2 h-px-md-2 h-px-2 v-inner-lg-2 v-inner-md-2 v-inner-2 style-1282 style-local-1524-c4 position-relative\" data-colibri-id=\"1524-c4\">\r\n<blockquote>\r\n<p style=\"text-align: center;\">L&#8217;EP STRAY a \u00e9t\u00e9 r\u00e9alis\u00e9 en auto-production par RS Productions. Le titre de cette EP,\u00a0<strong>STRAY<\/strong> est une composition de l&#8217;artiste <strong>Victor Copas<\/strong>, compositeur et violoniste.<\/p>\r\n\r\n<img loading=\"lazy\" decoding=\"async\" class=\"wp-image-3488 aligncenter\" style=\"text-align: center;\" src=\"https:\/\/rachidsahara.com\/wp-content\/uploads\/2026\/03\/Projet-Visuel-recto-verso-2-190924-300x150.png\" alt=\"\" width=\"446\" height=\"223\" srcset=\"https:\/\/rachidsahara.com\/wp-content\/uploads\/2026\/03\/Projet-Visuel-recto-verso-2-190924-300x150.png 300w, https:\/\/rachidsahara.com\/wp-content\/uploads\/2026\/03\/Projet-Visuel-recto-verso-2-190924.png 320w\" sizes=\"auto, (max-width: 446px) 100vw, 446px\" \/><\/blockquote>\r\n<\/div>\r\n<\/div>\r\n<\/div>\r\n<\/div>\r\n<\/div>\r\n&nbsp;\r\n<div class=\"h-section-grid-container h-section-boxed-container\">\r\n<div class=\"h-row-container gutters-row-lg-2 gutters-row-md-2 gutters-row-0 gutters-row-v-lg-2 gutters-row-v-md-2 gutters-row-v-2 style-1281 style-local-1524-c3 position-relative\" data-colibri-id=\"1524-c3\">\r\n<div class=\"h-row justify-content-lg-center justify-content-md-center justify-content-center align-items-lg-stretch align-items-md-stretch align-items-stretch gutters-col-lg-2 gutters-col-md-2 gutters-col-0 gutters-col-v-lg-2 gutters-col-v-md-2 gutters-col-v-2\">\r\n<blockquote>&nbsp;\r\n<p style=\"text-align: center;\">Dernier titre \u00e9dit\u00e9 par RS Productions,sur une oeuvre originale de <a href=\"https:\/\/soundcloud.com\/wystraete-victor\/damage\"><strong>Victor Copas<\/strong><\/a>.<\/p>\r\n<img loading=\"lazy\" decoding=\"async\" class=\"wp-image-3476 aligncenter\" src=\"https:\/\/rachidsahara.com\/wp-content\/uploads\/2025\/09\/cropped-Ma-raison-detre-scaled-1-300x300.png\" alt=\"\" width=\"235\" height=\"235\" srcset=\"https:\/\/rachidsahara.com\/wp-content\/uploads\/2025\/09\/cropped-Ma-raison-detre-scaled-1-300x300.png 300w, https:\/\/rachidsahara.com\/wp-content\/uploads\/2025\/09\/cropped-Ma-raison-detre-scaled-1-1024x1024.png 1024w, https:\/\/rachidsahara.com\/wp-content\/uploads\/2025\/09\/cropped-Ma-raison-detre-scaled-1-150x150.png 150w, https:\/\/rachidsahara.com\/wp-content\/uploads\/2025\/09\/cropped-Ma-raison-detre-scaled-1-768x768.png 768w, https:\/\/rachidsahara.com\/wp-content\/uploads\/2025\/09\/cropped-Ma-raison-detre-scaled-1-1536x1536.png 1536w, https:\/\/rachidsahara.com\/wp-content\/uploads\/2025\/09\/cropped-Ma-raison-detre-scaled-1-2048x2048.png 2048w, https:\/\/rachidsahara.com\/wp-content\/uploads\/2025\/09\/cropped-Ma-raison-detre-scaled-1-144x144.png 144w, https:\/\/rachidsahara.com\/wp-content\/uploads\/2025\/09\/cropped-Ma-raison-detre-scaled-1-560x560.png 560w\" sizes=\"auto, (max-width: 235px) 100vw, 235px\" \/><\/blockquote>\r\n<\/div>\r\n<\/div>\r\n<\/div>\r\n<\/div>\r\n<\/div>\r\n&nbsp;\r\n\r\n&nbsp;\r\n\r\n&nbsp;\r\n<div class=\"style-1279 style-local-1524-c1 position-relative\" data-colibri-id=\"1524-c1\">\r\n<div id=\"initial-content\" class=\"h-section h-section-global-spacing d-flex align-items-lg-center align-items-md-center align-items-center style-1280 style-local-1524-c2 position-relative\" data-colibri-component=\"section\" data-colibri-id=\"1524-c2\">\r\n<div class=\"h-section-grid-container h-section-boxed-container\">\r\n<div class=\"h-row-container gutters-row-lg-2 gutters-row-md-2 gutters-row-0 gutters-row-v-lg-2 gutters-row-v-md-2 gutters-row-v-2 style-1281 style-local-1524-c3 position-relative\" data-colibri-id=\"1524-c3\">\r\n<div class=\"h-row justify-content-lg-center justify-content-md-center justify-content-center align-items-lg-stretch align-items-md-stretch align-items-stretch gutters-col-lg-2 gutters-col-md-2 gutters-col-0 gutters-col-v-lg-2 gutters-col-v-md-2 gutters-col-v-2\">\r\n<div class=\"h-column h-column-container d-flex h-col-lg-auto h-col-md-auto h-col-auto style-1282-outer style-local-1524-c4-outer\">\r\n<div class=\"d-flex h-flex-basis h-column__inner h-px-lg-2 h-px-md-2 h-px-2 v-inner-lg-2 v-inner-md-2 v-inner-2 style-1282 style-local-1524-c4 position-relative\" data-colibri-id=\"1524-c4\">\r\n<div class=\"w-100 h-y-container h-column__content h-column__v-align flex-basis-100 align-self-lg-start align-self-md-start align-self-start\">\r\n<div class=\"style-1283 style-local-1524-c5 position-relative h-element\" data-colibri-id=\"1524-c5\">\r\n<h2 style=\"text-align: center;\">Nos partenaires<\/h2>\r\n<a href=\"https:\/\/www.elysium3.org\/\"><img loading=\"lazy\" decoding=\"async\" class=\"alignnone wp-image-2404\" src=\"https:\/\/rachidsahara.com\/wp-content\/uploads\/2024\/05\/logo-Elysium-3-293x300.webp\" alt=\"\" width=\"120\" height=\"123\" srcset=\"https:\/\/rachidsahara.com\/wp-content\/uploads\/2024\/05\/logo-Elysium-3-293x300.webp 293w, https:\/\/rachidsahara.com\/wp-content\/uploads\/2024\/05\/logo-Elysium-3-768x787.webp 768w, https:\/\/rachidsahara.com\/wp-content\/uploads\/2024\/05\/logo-Elysium-3.webp 809w\" sizes=\"auto, (max-width: 120px) 100vw, 120px\" \/><\/a><a href=\"https:\/\/www.radioplus.fr\/\"><img loading=\"lazy\" decoding=\"async\" class=\"alignnone wp-image-2398\" src=\"https:\/\/rachidsahara.com\/wp-content\/uploads\/2024\/05\/logotype-couleur-cmjn-768x768-1-300x300.jpg\" alt=\"\" width=\"118\" height=\"118\" srcset=\"https:\/\/rachidsahara.com\/wp-content\/uploads\/2024\/05\/logotype-couleur-cmjn-768x768-1-300x300.jpg 300w, https:\/\/rachidsahara.com\/wp-content\/uploads\/2024\/05\/logotype-couleur-cmjn-768x768-1-150x150.jpg 150w, https:\/\/rachidsahara.com\/wp-content\/uploads\/2024\/05\/logotype-couleur-cmjn-768x768-1-560x560.jpg 560w, https:\/\/rachidsahara.com\/wp-content\/uploads\/2024\/05\/logotype-couleur-cmjn-768x768-1.jpg 768w\" sizes=\"auto, (max-width: 118px) 100vw, 118px\" \/><\/a><a href=\"https:\/\/www.radiopfm.com\/\"><img loading=\"lazy\" decoding=\"async\" class=\"alignnone wp-image-2839\" src=\"https:\/\/rachidsahara.com\/wp-content\/uploads\/2024\/10\/Pfm.png\" alt=\"\" width=\"123\" height=\"123\" srcset=\"https:\/\/rachidsahara.com\/wp-content\/uploads\/2024\/10\/Pfm.png 175w, https:\/\/rachidsahara.com\/wp-content\/uploads\/2024\/10\/Pfm-150x150.png 150w\" sizes=\"auto, (max-width: 123px) 100vw, 123px\" \/><\/a><a href=\"https:\/\/www.rockenfolie.com\/\"><img loading=\"lazy\" decoding=\"async\" class=\"alignnone wp-image-3083\" src=\"https:\/\/rachidsahara.com\/wp-content\/uploads\/2024\/10\/cropped-LOGO_ROCKENFOLIE_65.png\" alt=\"\" width=\"135\" height=\"135\" \/><\/a><a href=\"https:\/\/www.sacem.fr\/\"><img loading=\"lazy\" decoding=\"async\" class=\"alignnone wp-image-3295\" src=\"https:\/\/rachidsahara.com\/wp-content\/uploads\/2025\/03\/logo-vectoriel-la-sacem-300x152.jpg\" alt=\"\" width=\"201\" height=\"102\" srcset=\"https:\/\/rachidsahara.com\/wp-content\/uploads\/2025\/03\/logo-vectoriel-la-sacem-300x152.jpg 300w, https:\/\/rachidsahara.com\/wp-content\/uploads\/2025\/03\/logo-vectoriel-la-sacem.jpg 630w\" sizes=\"auto, (max-width: 201px) 100vw, 201px\" \/><\/a><a href=\"https:\/\/gaetgoreguitars.fr\/\"><img loading=\"lazy\" decoding=\"async\" class=\"alignnone wp-image-3508 size-full\" src=\"https:\/\/rachidsahara.com\/wp-content\/uploads\/2026\/03\/GaetGore-logo-blanc.png\" alt=\"\" width=\"160\" height=\"81\" \/><\/a><a href=\"https:\/\/spedidam.fr\/\"><img loading=\"lazy\" decoding=\"async\" class=\"alignnone wp-image-3294\" src=\"https:\/\/rachidsahara.com\/wp-content\/uploads\/2025\/03\/logospedidam.png\" alt=\"\" width=\"173\" height=\"73\" \/><\/a><a href=\"https:\/\/amazingradio.com\/\"><img loading=\"lazy\" decoding=\"async\" class=\"wp-image-3487 alignleft\" src=\"https:\/\/rachidsahara.com\/wp-content\/uploads\/2026\/03\/Amazing-radio.jpg\" alt=\"\" width=\"109\" height=\"109\" \/><img loading=\"lazy\" decoding=\"async\" class=\"wp-image-2419 alignleft\" src=\"https:\/\/rachidsahara.com\/wp-content\/uploads\/2024\/05\/Logo-Arpeges-musique.png\" alt=\"\" width=\"214\" height=\"79\" \/><\/a>\r\n\r\n&nbsp;\r\n\r\n&nbsp;\r\n\r\n<\/div>\r\n<\/div>\r\n<\/div>\r\n<\/div>\r\n<\/div>\r\n<\/div>\r\n<\/div>\r\n<\/div>\r\n<\/div>\r\n<div><\/div>\r\n<div><\/div>\r\n<div><\/div>\r\n<div class=\"style-1279 style-local-1524-c1 position-relative\" data-colibri-id=\"1524-c1\">\r\n<div id=\"initial-content\" class=\"h-section h-section-global-spacing d-flex align-items-lg-center align-items-md-center align-items-center style-1280 style-local-1524-c2 position-relative\" data-colibri-component=\"section\" data-colibri-id=\"1524-c2\">\r\n<div class=\"h-section-grid-container h-section-boxed-container\">\r\n<div class=\"h-row-container gutters-row-lg-2 gutters-row-md-2 gutters-row-0 gutters-row-v-lg-2 gutters-row-v-md-2 gutters-row-v-2 style-1284 style-local-1524-c8 position-relative\" data-colibri-id=\"1524-c8\">\r\n<div class=\"h-row justify-content-lg-center justify-content-md-center justify-content-center align-items-lg-stretch align-items-md-stretch align-items-stretch gutters-col-lg-2 gutters-col-md-2 gutters-col-0 gutters-col-v-lg-2 gutters-col-v-md-2 gutters-col-v-2\">\r\n<div class=\"h-column h-column-container d-flex h-col-lg-auto h-col-md-auto h-col-auto style-1285-outer style-local-1524-c9-outer\">\r\n<div class=\"d-flex h-flex-basis h-column__inner h-px-lg-2 h-px-md-2 h-px-2 v-inner-lg-2 v-inner-md-2 v-inner-2 style-1285 style-local-1524-c9 position-relative\" data-colibri-id=\"1524-c9\">\r\n<div class=\"w-100 h-y-container h-column__content h-column__v-align flex-basis-100 align-self-lg-start align-self-md-start align-self-start\">\r\n<div class=\"h-x-container style-1290 style-local-1524-c10 position-relative h-element\" data-colibri-id=\"1524-c10\">\r\n<div class=\"h-x-container-inner style-dynamic-1524-c10-group style-1290-spacing style-local-1524-c10-spacing\"><span class=\"h-link__outer style-1291-outer style-local-1524-c11-outer d-inline-flex h-element\"><a class=\"d-flex w-100 align-items-center h-link style-1291 style-local-1524-c11 position-relative\" href=\"https:\/\/rachidsahara.com\/?page_id=1370\" data-colibri-id=\"1524-c11\" data-aos=\"fadeInRight\"> Page pr\u00e9c\u00e9dente<\/a>\r\n<\/span><\/div>\r\n<\/div>\r\n<\/div>\r\n<\/div>\r\n<\/div>\r\n<div class=\"h-column h-column-container d-flex h-col-lg-auto h-col-md-auto h-col-auto style-1286-outer style-local-1524-c12-outer\">\r\n<div class=\"d-flex h-flex-basis h-column__inner h-ui-empty-state-container h-px-lg-2 h-px-md-2 h-px-2 v-inner-lg-2 v-inner-md-2 v-inner-2 style-1286 style-local-1524-c12 position-relative\" data-colibri-id=\"1524-c12\">\r\n<div class=\"w-100 h-y-container h-column__content h-column__v-align flex-basis-100\"><\/div>\r\n<\/div>\r\n<\/div>\r\n<div class=\"h-column h-column-container d-flex h-col-lg-auto h-col-md-auto h-col-auto style-1287-outer style-local-1524-c13-outer\">\r\n<div class=\"d-flex h-flex-basis h-column__inner h-ui-empty-state-container h-px-lg-2 h-px-md-2 h-px-2 v-inner-lg-2 v-inner-md-2 v-inner-2 style-1287 style-local-1524-c13 position-relative\" data-colibri-id=\"1524-c13\">\r\n<div class=\"w-100 h-y-container h-column__content h-column__v-align flex-basis-100\"><\/div>\r\n<\/div>\r\n<\/div>\r\n<div class=\"h-column h-column-container d-flex h-col-lg-auto h-col-md-auto h-col-auto style-1288-outer style-local-1524-c14-outer\">\r\n<div class=\"d-flex h-flex-basis h-column__inner h-ui-empty-state-container h-px-lg-2 h-px-md-2 h-px-2 v-inner-lg-2 v-inner-md-2 v-inner-2 style-1288 style-local-1524-c14 position-relative\" data-colibri-id=\"1524-c14\">\r\n<div class=\"w-100 h-y-container h-column__content h-column__v-align flex-basis-100\"><\/div>\r\n<\/div>\r\n<\/div>\r\n<div class=\"h-column h-column-container d-flex h-col-lg-auto h-col-md-auto h-col-auto style-1289-outer style-local-1524-c15-outer\">\r\n<div class=\"d-flex h-flex-basis h-column__inner h-px-lg-2 h-px-md-2 h-px-2 v-inner-lg-2 v-inner-md-2 v-inner-2 style-1289 style-local-1524-c15 position-relative\" data-colibri-id=\"1524-c15\">\r\n<div class=\"w-100 h-y-container h-column__content h-column__v-align flex-basis-100 align-self-lg-start align-self-md-start align-self-start\">\r\n<div class=\"h-x-container style-1292 style-local-1524-c16 position-relative h-element\" data-colibri-id=\"1524-c16\">\r\n<div class=\"h-x-container-inner style-dynamic-1524-c16-group style-1292-spacing style-local-1524-c16-spacing\"><span class=\"h-link__outer style-1293-outer style-local-1524-c17-outer d-inline-flex h-element\"><a class=\"d-flex w-100 align-items-center h-link style-1293 style-local-1524-c17 position-relative\" href=\"https:\/\/rachidsahara.com\/?page_id=2903\" data-colibri-id=\"1524-c17\" data-aos=\"fadeInLeft\"> Page suivante<\/a>\r\n<\/span><\/div>\r\n<\/div>\r\n<\/div>\r\n<\/div>\r\n<\/div>\r\n<\/div>\r\n<\/div>\r\n<\/div>\r\n<\/div>\r\n<\/div>","protected":false},"excerpt":{"rendered":"<p>&nbsp; &nbsp; Production r\u00e9alis\u00e9e au YM Studio en Belgique,\u00a0avec la collaboration de M. Meddhy ZIOUCHE,\u00a0arrangeur et ing\u00e9nieur du son (enregistrement et mixage).\u00a0Le mastering a \u00e9t\u00e9 effectu\u00e9 par M. Scott HULL aux\u00a0Masterdisk Studios, \u00e0 Peekskill,New York. &nbsp; L&#8217;EP STRAY a \u00e9t\u00e9 r\u00e9alis\u00e9 en auto-production par RS Productions. Le titre de cette EP,\u00a0STRAY est une composition de [&hellip;]<\/p>\n","protected":false},"author":1,"featured_media":0,"parent":0,"menu_order":0,"comment_status":"closed","ping_status":"closed","template":"","meta":{"footnotes":""},"class_list":["post-1524","page","type-page","status-publish","hentry"],"_links":{"self":[{"href":"https:\/\/rachidsahara.com\/index.php?rest_route=\/wp\/v2\/pages\/1524","targetHints":{"allow":["GET"]}}],"collection":[{"href":"https:\/\/rachidsahara.com\/index.php?rest_route=\/wp\/v2\/pages"}],"about":[{"href":"https:\/\/rachidsahara.com\/index.php?rest_route=\/wp\/v2\/types\/page"}],"author":[{"embeddable":true,"href":"https:\/\/rachidsahara.com\/index.php?rest_route=\/wp\/v2\/users\/1"}],"replies":[{"embeddable":true,"href":"https:\/\/rachidsahara.com\/index.php?rest_route=%2Fwp%2Fv2%2Fcomments&post=1524"}],"version-history":[{"count":20,"href":"https:\/\/rachidsahara.com\/index.php?rest_route=\/wp\/v2\/pages\/1524\/revisions"}],"predecessor-version":[{"id":3520,"href":"https:\/\/rachidsahara.com\/index.php?rest_route=\/wp\/v2\/pages\/1524\/revisions\/3520"}],"wp:attachment":[{"href":"https:\/\/rachidsahara.com\/index.php?rest_route=%2Fwp%2Fv2%2Fmedia&parent=1524"}],"curies":[{"name":"wp","href":"https:\/\/api.w.org\/{rel}","templated":true}]}}